{"id":47,"date":"2019-09-04T18:38:55","date_gmt":"2019-09-04T16:38:55","guid":{"rendered":"http:\/\/cangasdeonis.pueblosmagicos.es\/?page_id=47"},"modified":"2020-12-03T20:45:09","modified_gmt":"2020-12-03T19:45:09","slug":"portada","status":"publish","type":"page","link":"https:\/\/pueblosmagicos.es\/cangasdeonis\/","title":{"rendered":"Inicio"},"content":{"rendered":"<p>[et_pb_section fb_built=\u00bb1&#8243; _builder_version=\u00bb3.27.4&#8243; fb_built=\u00bb1&#8243; _i=\u00bb0&#8243; _address=\u00bb0&#8243;][et_pb_row _builder_version=\u00bb3.27.4&#8243; _i=\u00bb0&#8243; _address=\u00bb0.0&#8243;][et_pb_column type=\u00bb4_4&#8243; _builder_version=\u00bb3.27.4&#8243; _i=\u00bb0&#8243; _address=\u00bb0.0.0&#8243;][et_pb_image src=\u00bbhttp:\/\/cangasdeonis.pueblosmagicos.es\/wp-content\/uploads\/2019\/09\/PORTADA-WEB-CANGAS-DE-ON\u00cdS.jpg\u00bb _builder_version=\u00bb3.27.4&#8243; _i=\u00bb0&#8243; _address=\u00bb0.0.0.0&#8243;][\/et_pb_image][\/et_pb_column][\/et_pb_row][et_pb_row _builder_version=\u00bb3.27.4&#8243; _i=\u00bb1&#8243; _address=\u00bb0.1&#8243;][et_pb_column type=\u00bb4_4&#8243; _builder_version=\u00bb3.27.4&#8243; _i=\u00bb0&#8243; _address=\u00bb0.1.0&#8243;][et_pb_text _builder_version=\u00bb3.27.4&#8243; custom_margin=\u00bb||3px|||\u00bb _i=\u00bb0&#8243; _address=\u00bb0.1.0.0&#8243;]<\/p>\n<h1 style=\"text-align: center;\"><strong>Cangas de On\u00eds<\/strong><\/h1>\n<p>[\/et_pb_text][et_pb_text _builder_version=\u00bb3.27.4&#8243; _i=\u00bb1&#8243; _address=\u00bb0.1.0.1&#8243;]<\/p>\n<p style=\"text-align: center;\">La Asturias eterna, hist\u00f3rica y natural<\/p>\n<p>[\/et_pb_text][et_pb_divider _builder_version=\u00bb3.27.4&#8243; width=\u00bb46%\u00bb max_width=\u00bb100%\u00bb module_alignment=\u00bbcenter\u00bb _i=\u00bb2&#8243; _address=\u00bb0.1.0.2&#8243;][\/et_pb_divider][\/et_pb_column][\/et_pb_row][et_pb_row column_structure=\u00bb1_2,1_2&#8243; _builder_version=\u00bb3.27.4&#8243; _i=\u00bb2&#8243; _address=\u00bb0.2&#8243;][et_pb_column type=\u00bb1_2&#8243; _builder_version=\u00bb3.27.4&#8243; _i=\u00bb0&#8243; _address=\u00bb0.2.0&#8243;][et_pb_image src=\u00bbhttp:\/\/cangasdeonis.pueblosmagicos.es\/wp-content\/uploads\/2019\/09\/CANGAS-DE-ONI\u00ecS.jpg\u00bb url=\u00bbhttp:\/\/cangasdeonis.pueblosmagicos.es\/cangas-de-o\u00bb align=\u00bbcenter\u00bb _builder_version=\u00bb3.27.4&#8243; border_radii=\u00bbon|15px|15px|15px|15px\u00bb box_shadow_style=\u00bbpreset2&#8243; width=\u00bb70%\u00bb _i=\u00bb0&#8243; _address=\u00bb0.2.0.0&#8243;][\/et_pb_image][et_pb_text _builder_version=\u00bb3.27.4&#8243; _i=\u00bb1&#8243; _address=\u00bb0.2.0.1&#8243;]<\/p>\n<p style=\"text-align: center;\">Descubrir toda la grandeza de uno de los lugares hist\u00f3ricos, m\u00e1s importantes de Espa\u00f1a.<\/p>\n<p>[\/et_pb_text][et_pb_image src=\u00bbhttp:\/\/cangasdeonis.pueblosmagicos.es\/wp-content\/uploads\/2019\/09\/CANGAS-DE-ONI\u00ecS-NATURALEZA.jpg\u00bb url=\u00bbhttp:\/\/cangasdeonis.pueblosmagicos.es\/naturaleza\/\u00bb align=\u00bbcenter\u00bb _builder_version=\u00bb3.27.4&#8243; border_radii=\u00bbon|15px|15px|15px|15px\u00bb box_shadow_style=\u00bbpreset2&#8243; width=\u00bb70%\u00bb locked=\u00bboff\u00bb _i=\u00bb2&#8243; _address=\u00bb0.2.0.2&#8243;][\/et_pb_image][et_pb_text _builder_version=\u00bb3.27.4&#8243; locked=\u00bboff\u00bb _i=\u00bb3&#8243; _address=\u00bb0.2.0.3&#8243;]<\/p>\n<p style=\"text-align: center;\">Toda la grandeza de los Picos de Europa y los valles y r\u00edos de Cangas de On\u00eds<\/p>\n<p>[\/et_pb_text][\/et_pb_column][et_pb_column type=\u00bb1_2&#8243; _builder_version=\u00bb3.27.4&#8243; _i=\u00bb1&#8243; _address=\u00bb0.2.1&#8243;][et_pb_image src=\u00bbhttp:\/\/cangasdeonis.pueblosmagicos.es\/wp-content\/uploads\/2019\/09\/CANGAS-DE-ONI\u00ecS-LUGARES.jpg\u00bb url=\u00bbhttp:\/\/cangasdeonis.pueblosmagicos.es\/88-2\/\u00bb align=\u00bbcenter\u00bb _builder_version=\u00bb3.27.4&#8243; border_radii=\u00bbon|15px|15px|15px|15px\u00bb box_shadow_style=\u00bbpreset2&#8243; width=\u00bb70%\u00bb locked=\u00bboff\u00bb _i=\u00bb0&#8243; _address=\u00bb0.2.1.0&#8243;][\/et_pb_image][et_pb_text _builder_version=\u00bb3.27.4&#8243; locked=\u00bboff\u00bb _i=\u00bb1&#8243; _address=\u00bb0.2.1.1&#8243;]<\/p>\n<p style=\"text-align: center;\">\u00a0En Cangs de On\u00eds hay lugares m\u00e1gicos e hist\u00f3ricos como el Santuario de Covadonga.<\/p>\n<p>[\/et_pb_text][et_pb_image src=\u00bbhttp:\/\/cangasdeonis.pueblosmagicos.es\/wp-content\/uploads\/2019\/09\/CANGAS-DE-ONI\u0117S-GASTRONOMI\u0117A.jpg\u00bb url=\u00bbhttp:\/\/cangasdeonis.pueblosmagicos.es\/gastronomia\/\u00bb align=\u00bbcenter\u00bb _builder_version=\u00bb3.27.4&#8243; border_radii=\u00bbon|15px|15px|15px|15px\u00bb box_shadow_style=\u00bbpreset2&#8243; width=\u00bb70%\u00bb locked=\u00bboff\u00bb _i=\u00bb2&#8243; _address=\u00bb0.2.1.2&#8243;][\/et_pb_image][et_pb_text _builder_version=\u00bb3.27.4&#8243; locked=\u00bboff\u00bb _i=\u00bb3&#8243; _address=\u00bb0.2.1.3&#8243;]<\/p>\n<p style=\"text-align: center;\">Disfrutar y llevar a casa los productos locales m\u00e1s aut\u00e9nticos.\u00a0<\/p>\n<p>[\/et_pb_text][\/et_pb_column][\/et_pb_row][et_pb_row _builder_version=\u00bb3.27.4&#8243; _i=\u00bb3&#8243; _address=\u00bb0.3&#8243;][et_pb_column type=\u00bb4_4&#8243; _builder_version=\u00bb3.27.4&#8243; _i=\u00bb0&#8243; _address=\u00bb0.3.0&#8243;][et_pb_divider divider_weight=\u00bb1px\u00bb _builder_version=\u00bb3.27.4&#8243; width=\u00bb50%\u00bb module_alignment=\u00bbcenter\u00bb _i=\u00bb0&#8243; _address=\u00bb0.3.0.0&#8243;][\/et_pb_divider][et_pb_text _builder_version=\u00bb3.27.4&#8243; _i=\u00bb1&#8243; _address=\u00bb0.3.0.1&#8243;]<\/p>\n<h2 style=\"text-align: center;\"><strong><span style=\"color: #495678;\">V\u00eddeos de Cangas de On\u00eds<\/span><\/strong><\/h2>\n<p>[\/et_pb_text][\/et_pb_column][\/et_pb_row][et_pb_row _builder_version=\u00bb3.27.4&#8243; _i=\u00bb4&#8243; _address=\u00bb0.4&#8243;][et_pb_column type=\u00bb4_4&#8243; _builder_version=\u00bb3.27.4&#8243; _i=\u00bb0&#8243; _address=\u00bb0.4.0&#8243;][et_pb_video src=\u00bbhttps:\/\/www.youtube.com\/watch?v=vUqt3_2hyZ4&#8243; _builder_version=\u00bb3.27.4&#8243; _i=\u00bb0&#8243; _address=\u00bb0.4.0.0&#8243;][et_pb_blurb image=\u00bbdata:image\/svg+xml;base64,PHN2ZyB3aWR0aD0iMTA4MCIgaGVpZ2h0PSI1NDAiIHZpZXdCb3g9IjAgMCAxMDgwIDU0MCIgeG1sbnM9Imh0dHA6Ly93d3cudzMub3JnLzIwMDAvc3ZnIj4KICAgIDxnIGZpbGw9Im5vbmUiIGZpbGwtcnVsZT0iZXZlbm9kZCI+CiAgICAgICAgPHBhdGggZmlsbD0iI0VCRUJFQiIgZD0iTTAgMGgxMDgwdjU0MEgweiIvPgogICAgICAgIDxwYXRoIGQ9Ik00NDUuNjQ5IDU0MGgtOTguOTk1TDE0NC42NDkgMzM3Ljk5NSAwIDQ4Mi42NDR2LTk4Ljk5NWwxMTYuMzY1LTExNi4zNjVjMTUuNjItMTUuNjIgNDAuOTQ3LTE1LjYyIDU2LjU2OCAwTDQ0NS42NSA1NDB6IiBmaWxsLW9wYWNpdHk9Ii4xIiBmaWxsPSIjMDAwIiBmaWxsLXJ1bGU9Im5vbnplcm8iLz4KICAgICAgICA8Y2lyY2xlIGZpbGwtb3BhY2l0eT0iLjA1IiBmaWxsPSIjMDAwIiBjeD0iMzMxIiBjeT0iMTQ4IiByPSI3MCIvPgogICAgICAgIDxwYXRoIGQ9Ik0xMDgwIDM3OXYxMTMuMTM3TDcyOC4xNjIgMTQwLjMgMzI4LjQ2MiA1NDBIMjE1LjMyNEw2OTkuODc4IDU1LjQ0NmMxNS42Mi0xNS42MiA0MC45NDgtMTUuNjIgNTYuNTY4IDBMMTA4MCAzNzl6IiBmaWxsLW9wYWNpdHk9Ii4yIiBmaWxsPSIjMDAwIiBmaWxsLXJ1bGU9Im5vbnplcm8iLz4KICAgIDwvZz4KPC9zdmc+Cg==\u00bb _builder_version=\u00bb3.27.4&#8243; locked=\u00bboff\u00bb _i=\u00bb0&#8243; _address=\u00bb0.4.0.0.0&#8243;]<\/p>\n<p style=\"text-align: center;\"><span>Accede a la web del Ayuntamiento de <\/span>\u00a0Cangas de On\u00eds<\/p>\n<p>[\/et_pb_blurb][\/et_pb_video][\/et_pb_column][\/et_pb_row][et_pb_row column_structure=\u00bb1_4,1_4,1_4,1_4&#8243; _builder_version=\u00bb3.27.4&#8243; _i=\u00bb5&#8243; _address=\u00bb0.5&#8243;][et_pb_column type=\u00bb1_4&#8243; _builder_version=\u00bb3.27.4&#8243; _i=\u00bb0&#8243; _address=\u00bb0.5.0&#8243;][et_pb_blurb url=\u00bbhttps:\/\/www.cangasdeonis.com\/\u00bb url_new_window=\u00bbon\u00bb image=\u00bbhttp:\/\/cangasdeonis.pueblosmagicos.es\/wp-content\/uploads\/2019\/09\/LOGO-AYTO-CANGAS-DE-ON\u00cdS.jpg\u00bb _builder_version=\u00bb3.27.4&#8243; _i=\u00bb0&#8243; _address=\u00bb0.5.0.0&#8243;]<\/p>\n<p style=\"text-align: center;\"><span>Accede a la web del Ayuntamiento de <\/span>\u00a0Cangas de On\u00eds<\/p>\n<p>[\/et_pb_blurb][\/et_pb_column][et_pb_column type=\u00bb1_4&#8243; _builder_version=\u00bb3.27.4&#8243; _i=\u00bb1&#8243; _address=\u00bb0.5.1&#8243;][et_pb_blurb url=\u00bbturismocangasdeonis.com\u00bb url_new_window=\u00bbon\u00bb image=\u00bbhttp:\/\/cangasdeonis.pueblosmagicos.es\/wp-content\/uploads\/2019\/09\/LOGO-TURISMO-CANGAS-DE-ON\u00cdS.jpg\u00bb _builder_version=\u00bb3.27.4&#8243; hover_enabled=\u00bb0&#8243; locked=\u00bboff\u00bb _i=\u00bb0&#8243; _address=\u00bb0.5.1.0&#8243;]<\/p>\n<p style=\"text-align: center;\"><span>Accede a la web de turismo de <\/span>\u00a0Cangas de On\u00eds<\/p>\n<p>[\/et_pb_blurb][\/et_pb_column][et_pb_column type=\u00bb1_4&#8243; _builder_version=\u00bb3.27.4&#8243; _i=\u00bb2&#8243; _address=\u00bb0.5.2&#8243;][et_pb_blurb url=\u00bbhttps:\/\/www.pueblosmagicos.es\/red-de-pueblos-magicos\/\u00bb url_new_window=\u00bbon\u00bb image=\u00bbhttp:\/\/cangasdeonis.pueblosmagicos.es\/wp-content\/uploads\/2019\/09\/LOGO-RED-PM.jpg\u00bb _builder_version=\u00bb3.27.4&#8243; locked=\u00bboff\u00bb _i=\u00bb0&#8243; _address=\u00bb0.5.2.0&#8243;]<\/p>\n<p style=\"text-align: center;\"><span>Conoce los pueblos de la Red de Pueblos M\u00e1gicos<\/span><\/p>\n<p>[\/et_pb_blurb][\/et_pb_column][et_pb_column type=\u00bb1_4&#8243; _builder_version=\u00bb3.27.4&#8243; _i=\u00bb3&#8243; _address=\u00bb0.5.3&#8243;][et_pb_blurb url=\u00bbhttps:\/\/www.pueblosmagicos.es\/\u00bb url_new_window=\u00bbon\u00bb image=\u00bbhttp:\/\/cangasdeonis.pueblosmagicos.es\/wp-content\/uploads\/2019\/09\/LOGO-PM-WEB-PUEBLOS.jpg\u00bb _builder_version=\u00bb3.27.4&#8243; locked=\u00bboff\u00bb _i=\u00bb0&#8243; _address=\u00bb0.5.3.0&#8243;]<\/p>\n<p style=\"text-align: center;\"><span>Web oficial Pueblos M\u00e1gicos\u00a0<\/span><span>de Espa\u00f1a<\/span><\/p>\n<p>[\/et_pb_blurb][\/et_pb_column][\/et_pb_row][et_pb_row _builder_version=\u00bb3.27.4&#8243; locked=\u00bboff\u00bb _i=\u00bb6&#8243; _address=\u00bb0.6&#8243;][et_pb_column type=\u00bb4_4&#8243; _builder_version=\u00bb3.27.4&#8243; _i=\u00bb0&#8243; _address=\u00bb0.6.0&#8243;][et_pb_divider divider_weight=\u00bb1px\u00bb _builder_version=\u00bb3.27.4&#8243; width=\u00bb50%\u00bb module_alignment=\u00bbcenter\u00bb _i=\u00bb0&#8243; _address=\u00bb0.6.0.0&#8243;][\/et_pb_divider][et_pb_text _builder_version=\u00bb3.27.4&#8243; _i=\u00bb1&#8243; _address=\u00bb0.6.0.1&#8243;]<\/p>\n<h2 style=\"text-align: center;\"><strong><span style=\"color: #495678;\">Galer\u00eda de fotos de Cangas de On\u00eds<\/span><\/strong><\/h2>\n<p>[\/et_pb_text][\/et_pb_column][\/et_pb_row][et_pb_row _builder_version=\u00bb3.27.4&#8243; _i=\u00bb7&#8243; _address=\u00bb0.7&#8243;][et_pb_column type=\u00bb4_4&#8243; _builder_version=\u00bb3.27.4&#8243; _i=\u00bb0&#8243; _address=\u00bb0.7.0&#8243;][et_pb_gallery gallery_ids=\u00bb67,66,65,64,63,62,61&#8243; gallery_orderby=\u00bbrand\u00bb fullwidth=\u00bbon\u00bb _builder_version=\u00bb3.27.4&#8243; width=\u00bb70%\u00bb module_alignment=\u00bbcenter\u00bb _i=\u00bb0&#8243; _address=\u00bb0.7.0.0&#8243;][\/et_pb_gallery][\/et_pb_column][\/et_pb_row][et_pb_row _builder_version=\u00bb3.27.4&#8243; _i=\u00bb8&#8243; _address=\u00bb0.8&#8243;][et_pb_column type=\u00bb4_4&#8243; _builder_version=\u00bb3.27.4&#8243; _i=\u00bb0&#8243; _address=\u00bb0.8.0&#8243;][et_pb_code _builder_version=\u00bb3.27.4&#8243; _i=\u00bb0&#8243; _address=\u00bb0.8.0.0&#8243;]<iframe loading=\"lazy\" src=\"https:\/\/www.google.com\/maps\/embed?pb=!1m18!1m12!1m3!1d185791.6430808845!2d-5.203677394021699!3d43.314376174727336!2m3!1f0!2f0!3f0!3m2!1i1024!2i768!4f13.1!3m3!1m2!1s0xd36209f63076f47%3A0x404f58273cb02d0!2sCangas%20de%20On%C3%ADs%2C%20Asturias!5e0!3m2!1ses!2ses!4v1567618914728!5m2!1ses!2ses\" width=\"100%\" height=\"450\" frameborder=\"0\" style=\"border:0;\" allowfullscreen=\"\"><\/iframe>[\/et_pb_code][\/et_pb_column][\/et_pb_row][\/et_pb_section]<\/p>\n","protected":false},"excerpt":{"rendered":"<p>[et_pb_section fb_built=\u00bb1&#8243; _builder_version=\u00bb3.27.4&#8243; fb_built=\u00bb1&#8243; _i=\u00bb0&#8243; _address=\u00bb0&#8243;][et_pb_row _builder_version=\u00bb3.27.4&#8243; _i=\u00bb0&#8243; _address=\u00bb0.0&#8243;][et_pb_column type=\u00bb4_4&#8243; _builder_version=\u00bb3.27.4&#8243; _i=\u00bb0&#8243; _address=\u00bb0.0.0&#8243;][et_pb_image src=\u00bbhttp:\/\/cangasdeonis.pueblosmagicos.es\/wp-content\/uploads\/2019\/09\/PORTADA-WEB-CANGAS-DE-ON\u00cdS.jpg\u00bb _builder_version=\u00bb3.27.4&#8243; _i=\u00bb0&#8243; _address=\u00bb0.0.0.0&#8243;][\/et_pb_image][\/et_pb_column][\/et_pb_row][et_pb_row _builder_version=\u00bb3.27.4&#8243; _i=\u00bb1&#8243; _address=\u00bb0.1&#8243;][et_pb_column type=\u00bb4_4&#8243; _builder_version=\u00bb3.27.4&#8243; _i=\u00bb0&#8243; _address=\u00bb0.1.0&#8243;][et_pb_text _builder_version=\u00bb3.27.4&#8243; custom_margin=\u00bb||3px|||\u00bb _i=\u00bb0&#8243; _address=\u00bb0.1.0.0&#8243;] Cangas de On\u00eds [\/et_pb_text][et_pb_text _builder_version=\u00bb3.27.4&#8243; _i=\u00bb1&#8243; _address=\u00bb0.1.0.1&#8243;] La Asturias eterna, hist\u00f3rica y natural [\/et_pb_text][et_pb_divider _builder_version=\u00bb3.27.4&#8243; width=\u00bb46%\u00bb max_width=\u00bb100%\u00bb module_alignment=\u00bbcenter\u00bb _i=\u00bb2&#8243; _address=\u00bb0.1.0.2&#8243;][\/et_pb_divider][\/et_pb_column][\/et_pb_row][et_pb_row column_structure=\u00bb1_2,1_2&#8243; _builder_version=\u00bb3.27.4&#8243; _i=\u00bb2&#8243; _address=\u00bb0.2&#8243;][et_pb_column type=\u00bb1_2&#8243; _builder_version=\u00bb3.27.4&#8243; _i=\u00bb0&#8243; [&hellip;]<\/p>\n","protected":false},"author":1,"featured_media":0,"parent":0,"menu_order":0,"comment_status":"closed","ping_status":"closed","template":"","meta":{"_et_pb_use_builder":"on","_et_pb_old_content":""},"_links":{"self":[{"href":"https:\/\/pueblosmagicos.es\/cangasdeonis\/wp-json\/wp\/v2\/pages\/47"}],"collection":[{"href":"https:\/\/pueblosmagicos.es\/cangasdeonis\/wp-json\/wp\/v2\/pages"}],"about":[{"href":"https:\/\/pueblosmagicos.es\/cangasdeonis\/wp-json\/wp\/v2\/types\/page"}],"author":[{"embeddable":true,"href":"https:\/\/pueblosmagicos.es\/cangasdeonis\/wp-json\/wp\/v2\/users\/1"}],"replies":[{"embeddable":true,"href":"https:\/\/pueblosmagicos.es\/cangasdeonis\/wp-json\/wp\/v2\/comments?post=47"}],"version-history":[{"count":17,"href":"https:\/\/pueblosmagicos.es\/cangasdeonis\/wp-json\/wp\/v2\/pages\/47\/revisions"}],"predecessor-version":[{"id":170,"href":"https:\/\/pueblosmagicos.es\/cangasdeonis\/wp-json\/wp\/v2\/pages\/47\/revisions\/170"}],"wp:attachment":[{"href":"https:\/\/pueblosmagicos.es\/cangasdeonis\/wp-json\/wp\/v2\/media?parent=47"}],"curies":[{"name":"wp","href":"https:\/\/api.w.org\/{rel}","templated":true}]}}